en 9781 is divided by 1103.
957
Calculate the remainder when 7054 is divided by 59.
33
Calculate the remainder when 278540 is divided by 19895.
10
Calculate the remainder when 228370 is divided by 663.
298
Calculate the remainder when 460977732 is divided by 1834.
1832
Calculate the remainder when 550042 is divided by 274796.
450
What is the remainder when 66590 is divided by 2060?
670
What is the remainder when 9568572 is divided by 1283?
1241
Calculate the remainder when 18618560 is divided by 117.
116
Calculate the remainder when 89134 is divided by 1413.
115
What is the remainder when 130387 is divided by 2290?
2147
Calculate the remainder when 5805658 is divided by 1380.
1378
What is the remainder when 1890878 is divided by 4603?
3648
What is the remainder when 132331591 is divided by 22?
7
Calculate the remainder when 97715 is divided by 9322.
4495
Calculate the remainder when 109663715 is divided by 17.
13
What is the remainder when 582264 is divided by 125?
14
What is the remainder when 7463702 is divided by 298?
292
Calculate the remainder when 1869422 is divided by 19.
12
What is the remainder when 2978770033 is divided by 2539?
2538
Calculate the remainder when 287399 is divided by 3505.
3494
Calculate the remainder when 999109 is divided by 12809.
7
Calculate the remainder when 3544029 is divided by 1640.
1629
What is the remainder when 2301719 is divided by 1603?
1414
What is the remainder when 544245 is divided by 90705?
15
Calculate the remainder when 15708715 is divided by 1963589.
3
What is the remainder when 28563003 is divided by 771973?
2
Calculate the remainder when 8223 is divided by 6506.
1717
Calculate the remainder when 120591506 is divided by 4810.
4806
What is the remainder when 4335341 is divided by 5287?
1
What is the remainder when 16315004 is divided by 143?
134
Calculate the remainder when 127254461 is divided by 195.
191
Calculate the remainder when 195738 is divided by 343.
228
Calculate the remainder when 3976698 is divided by 325.
323
What is the remainder when 7357082 is divided by 6219?
5
Calculate the remainder when 101382 is divided by 667.
665
Calculate the remainder when 369379628 is divided by 710.
708
Calculate the remainder when 23862522 is divided by 11931217.
88
Calculate the remainder when 1140071 is divided by 103640.
31
Calculate the remainder when 1621383 is divided by 41572.
75
What is the remainder when 57423677 is divided by 63?
59
What is the remainder when 913698 is divided by 543?
372
Calculate the remainder when 12665 is divided by 12613.
52
Calculate the remainder when 5341038 is divided by 43779.
0
Calculate the remainder when 1307515 is divided by 14059.
28
Calculate the remainder when 3795477 is divided by 366.
57
Calculate the remainder when 48197696 is divided by 17629.
10
Calculate the remainder when 59925684 is divided by 262.
258
Calculate the remainder when 1500072 is divided by 137.
59
What is the remainder when 7517992 is divided by 49?
20
Calculate the remainder when 46759 is divided by 9279.
364
What is the remainder when 7945703 is divided by 317825?
78
Calculate the remainder when 11136523 is divided by 72.
67
Calculate the remainder when 1095461 is divided by 1511.
1497
What is the remainder when 2098783 is divided by 848?
831
Calculate the remainder when 63534 is divided by 577.
64
What is the remainder when 72026 is divided by 1132?
710
Calculate the remainder when 259116149 is divided by 151.
149
What is the remainder when 222550 is divided by 640?
470
What is the remainder when 2587481 is divided by 323415?
161
Calculate the remainder when 264106 is divided by 134.
126
What is the remainder when 97485921 is divided by 2119259?
7
Calculate the remainder when 7930235 is divided by 640.
635
Calculate the remainder when 15583495 is divided by 2051.
2048
Calculate the remainder when 83371 is divided by 842.
13
What is the remainder when 5626697 is divided by 24253?
1
What is the remainder when 1012464 is divided by 92032?
112
What is the remainder when 801970 is divided by 56?
50
What is the remainder when 377679 is divided by 80?
79
Calculate the remainder when 16202382 is divided by 31.
15
Calculate the remainder when 35986 is divided by 245.
216
Calculate the remainder when 725463 is divided by 1319.
13
Calculate the remainder when 2156845 is divided by 374.
361
What is the remainder when 52811 is divided by 47847?
4964
Calculate the remainder when 90470 is divided by 10959.
2798
Calculate the remainder when 62575 is divided by 511.
233
What is the remainder when 44134732 is divided by 585?
577
Calculate the remainder when 636588 is divided by 318287.
14
Calculate the remainder when 4138335 is divided by 16.
15
Calculate the remainder when 338862 is divided by 338024.
838
What is the remainder when 1938838 is divided by 84297?
7
Calculate the remainder when 11205287 is divided by 9440.
7
Calculate the remainder when 4798509 is divided by 16433.
73
What is the remainder when 18691231 is divided by 93456?
31
What is the remainder when 926004 is divided by 5716?
12
What is the remainder when 15594490 is divided by 735?
730
Calculate the remainder when 33789 is divided by 7944.
2013
Calculate the remainder when 57053 is divided by 3693.
1658
Calculate the remainder when 59698 is divided by 2500.
2198
Calculate the remainder when 1356130 is divided by 2967.
211
Calculate the remainder when 128104476 is divided by 59198.
4
What is the remainder when 11216542 is divided by 1259?
111
What is the remainder when 24660476 is divided by 2947?
2927
What is the remainder when 152796 is divided by 826?
812
Calculate the remainder when 2663478 is divided by 152.
134
What is the remainder when 162056 is divided by 484?
400
Calculate the remainder when 5260646 is divided by 125.
21
What is the remainder when 5458435 is divided by 1937?
1906
What is the remainder when 1999253 is divided by 6966?
11
Calculate the remainder when 10482988 is divided by 14282.
0
Calculate the remainder when 3137725 is divided by 8.
5
Calculate the remainder when 822301 is divided by 2538.
2527
What is the remainder when 85665 is divided by 76776?
8889
What is the remainder when 11571 is divided by 8813?
2758
What is the remainder when 278867 is divided by 75?
17
What is the remainder when 1460337 is divided by 1458686?
1651
Calculate the remainder when 45850897 is divided by 9170179.
2
What is the remainder when 19902 is divided by 2226?
2094
Calculate the remainder when 1505838 is divided by 1334.
1086
What is the remainder when 1042599 is divided by 25?
24
What is the remainder when 840681 is divided by 419925?
831
Calculate the remainder when 327374 is divided by 16367.
34
What is the remainder when 203050 is divided by 6529?
651
What is the remainder when 3093612 is divided by 483?
480
Calculate the remainder when 944751 is divided by 656.
111
Calculate the remainder when 916396 is divided by 3451.
1881
What is the remainder when 124749 is divided by 31002?
741
What is the remainder when 101782495 is divided by 5346?
1
What is the remainder when 2550 is divided by 403?
132
What is the remainder when 1639583 is divided by 409872?
95
Calculate the remainder when 306991 is divided by 5668.
919
Calculate the remainder when 536306 is divided by 11800.
5306
What is the remainder when 85733905 is divided by 24130?
15
Calculate the remainder when 68759 is divided by 22679.
722
Calculate the remainder when 57814563 is divided by 85.
28
What is the remainder when 2334629 is divided by 466925?
4
What is the remainder when 986799 is divided by 89702?
77
Calculate the remainder when 1945597 is divided by 1878.
1867
Calculate the remainder when 754787 is divided by 3019.
37
Calculate the remainder when 497891 is divided by 248254.
1383
Calculate the remainder when 77570769 is divided by 1212043.
17
Calculate the remainder when 851653 is divided by 538.
537
What is the remainder when 93183 is divided by 9317?
13
What is the remainder when 5250760 is divided by 221?
21
Calculate the remainder when 133629658 is divided by 3690.
3688
What is the remainder when 175604 is divided by 416?
52
What is the remainder when 42421 is divided by 49?
36
Calculate the remainder when 196512830 is divided by 2101.
2098
What is the